sor of u and 17.
17
Let m = -75 - -125. What is the highest common factor of m and 30?
10
Let h be (-1)/(((-2)/(-10))/(-1)). Suppose 3 = -0*d + d. Let c(a) = 3*a**3 - 3*a**2 - 2*a - 3. Let z be c(d). Calculate the greatest common factor of z and h.
5
Let l = -65 + 252. Calculate the greatest common factor of l and 17.
17
Suppose -3*f + 0 = 9. Let o(d) = d**2 + 2*d - 2. Let p be o(f). Calculate the greatest common factor of 7 and p.
1
Let g(i) = -i**3 - 8*i**2 + 10*i + 10. Let d(p) = p**3 + 7*p**2 - 7*p - 1. Let v be d(-8). Let j be g(v). Calculate the highest common divisor of j and 2.
1
Suppose -s + 3*s + i + 3 = 0, -1 = -4*s + 5*i. Let a be -9*(s + 0) - -2. What is the highest common divisor of a and 11?
11
Let s = 5 + 16. Let d be (4 - 36)/(-2) + -2. Calculate the greatest common factor of s and d.
7
Let f = 67 + -37. Calculate the highest common factor of f and 30.
30
Suppose -3*v + 6*v = 5*s - 132, 0 = -5*s + 4*v + 136. Calculate the greatest common factor of 48 and s.
24
Let z = 21 - 14. Calculate the highest common factor of z and 28.
7
Suppose 2*n = -89 + 265. Calculate the greatest common factor of 11 and n.
11
Suppose 0 = j, 3*p - 4*j - j = 156. Suppose 4*c = -0*c + p. What is the greatest common factor of c and 143?
13
Suppose 4*z - 6 = 6. Suppose -2*v + z*u + 27 = -12, 2*v = -4*u + 46. Suppose y - 51 - v = 0. What is the greatest common factor of y and 9?
9
Suppose 8*i - 9*i + 27 = 0. Calculate the highest common divisor of i and 18.
9
Let x(z) be the second derivative of z**3/6 + z**2/2 + 2*z. Let f be x(8). Calculate the greatest common factor of 54 and f.
9
Suppose 25 = -0*m + 5*m + 4*u, -4*m + 5*u = 21. Let i be (3/2)/((-3)/(-4)). Suppose -i*r + 0 = -2. What is the greatest common divisor of m and r?
1
Let z(u) = 7*u + 7. Let o be z(3). Suppose -8 = -g - 4*g + 3*m, -4*g = -2*m - 8. Calculate the greatest common divisor of o and g.
4
Let t be (-6)/(-2 + 0) + 1. What is the highest common divisor of t and 12?
4
Suppose -l = -z - 122 + 47, 0 = 5*l + z - 345. Suppose 5*u - 14 = 151. Suppose -2*g - 13 + u = 0. What is the greatest common factor of g and l?
10
Let l be 24/9 - 2/3. Suppose 2*h = 3*h - l. Suppose -u + 59 = 5*f, -h*f = -7*f - 5*u + 75. Calculate the greatest common divisor of f and 11.
11
Suppose -96 = -18*y + 14*y. Calculate the greatest common factor of 3 and y.
3
Suppose 2*y - 7*y = 0. Suppose y = g - h - 12, -2*g + 2*h = -h - 22. Calculate the highest common divisor of 2 and g.
2
Let r(n) = n - 15. Let i be r(20). Calculate the highest common divisor of i and 25.
5
Suppose -10*v - 39 + 319 = 0. What is the greatest common divisor of 12 and v?
4
Suppose 3*h - 5*h + 2 = 0. What is the greatest common factor of h and 2?
1
Let k be (2/2*-1)/((-10)/700). Let v be 4*(-1 + 14/8). Suppose -2*f - v*f + 50 = 0. Calculate the greatest common divisor of k and f.
10
Let y(d) = -42*d - 2. Let a be y(-2). Suppose 5*t = 0, 2*n + t = -0*n + 28. Let s = n + a. Calculate the greatest common factor of s and 12.
12
Suppose 18 + 2 = 5*t. Suppose 4*x - 194 = -2*r, x + t*r - 35 = 3. Calculate the highest common factor of 20 and x.
10
Let i(o) be the first derivative of o**3/3 - 2*o**2 + 4*o - 1. Let n be i(-4). What is the highest common divisor of 12 and n?
12
Let b be 2*(985/2)/5. Let v = b + -134. Calculate the greatest common factor of 21 and v.
21
Suppose 0 = -3*a + 8*a - 1320. Let u be ((-6)/(-8))/((-1)/a). Let t be u/(-6) - (0 - -1). What is the highest common divisor of 4 and t?
4
Let r be 2 + 4/4 + 42. Suppose -3*l = -1 - 14. What is the highest common factor of r and l?
5
Suppose 0 = -3*k + 5*k - 8. Suppose -k*v + 5*h + 59 = 0, 1 = 2*v + 4*h - 9. What is the greatest common factor of v and 11?
11
Let p be -2*(-11)/3*18. What is the greatest common factor of p and 12?
12
Let o = 5 + 18. Calculate the greatest common divisor of o and 46.
23
Suppose -4 + 256 = 2*c. Suppose 11*d + 49 = 203. What is the greatest common divisor of c and d?
14
Suppose 2*w - 5*d = 38, -2*d = -w - 0*d + 18. Calculate the greatest common factor of w and 21.
7
Suppose -2*v - 11 - 55 = 0. Let a be 68/11 + 6/v. Suppose -a*l - 30 = -5*u - l, 5*u = -2*l + 44. Calculate the highest common factor of u and 8.
8
Suppose 3*y - 22 = 5*w, 2*y - 9 = 5*w + 9. Calculate the highest common divisor of y and 12.
4
Suppose -5*d = 2*v, -d = -7*v + 4*v. Suppose -3*h + h = v. Suppose -2*g + 40 = -h*g. Calculate the greatest common factor of 10 and g.
10
Let c = -16 - -23. Let n be (23 - c)*(-3)/(-2). Calculate the greatest common factor of 3 and n.
3
Let b(s) = 5*s + 77. Let j be b(0). Calculate the greatest common factor of 11 and j.
11
Let v be (-3 - (-44)/8)*2. What is the highest common factor of 15 and v?
5
Suppose -2*v + 2*d - 7 = -v, 10 = 2*d. Suppose -z = -v*n - 3*z + 30, -2*z + 6 = 0. Suppose -80 = -5*r + r. What is the greatest common divisor of n and r?
4
Let i = 1 - -11. Let y be (1 + -10)/(15/(-80)). What is the greatest common divisor of y and i?
12
Let k be (-24 + -1)/(2/(-2)). Let i = 53 - k. Suppose o = -o + i. Calculate the highest common factor of o and 21.
7
Suppose 3*b - 7*b = s - 16, 0 = -3*s - b + 37. What is the greatest common divisor of s and 12?
12
Let i(j) = 141*j + 2. Let k be i(1). What is the greatest common factor of 13 and k?
13
Let c(x) = x**3 + 15*x**2 + 14*x + 5. Let q be c(-14). Calculate the highest common divisor of 20 and q.
5
Let j = 169 + -89. Calculate the greatest common factor of 60 and j.
20
Let t be (2/(-4))/(1/(-2)). Suppose -4*w + t = -5*w. Let s be (-2 - -1)/(w/3). What is the highest common factor of s and 1?
1
Let p(d) = d**3 + 1. Let x be p(0). Let j be (-4)/((-8)/(-6)) - x. Let g be (-103)/(-4) + j/(-16). Calculate the highest common divisor of 65 and g.
13
Suppose 2*t + 775 = 7*t. Suppose -t = -o + 6*o. Let n = 101 + o. What is the greatest common factor of 10 and n?
10
Let c(t) = -21*t - 9. Let m be c(-1). Calculate the highest common factor of 60 and m.
12
Let m(g) = g**3 - 4*g**2 - g - 4. Suppose 4*n + 8 = -4. Let b be (1 - n)/1 - -1. Let o be m(b). What is the highest common factor of o and 48?
16
Let z = 36 - -20. Calculate the highest common factor of 84 and z.
28
Suppose -8*m + 6 = -7*m. What is the highest common factor of 4 and m?
2
Let z = 69 + -27. Suppose q = -2*q. Suppose -16 = -4*u, -3*n = -q*n + 4*u - 37. What is the highest common factor of n and z?
7
Let x(n) = n**2 + n. Let s be x(-3). Let b = 28 - 15. Let o = b - s. What is the highest common factor of 56 and o?
7
Let m be (-2888)/(-36) + (-6)/27. Suppose 4*z = -z + m. What is the greatest common factor of z and 40?
8
Suppose -2*x - 3 - 1 = 0. Let k(v) = -4*v**3 - 3*v**2 - v. Let i be k(x). Calculate the greatest common factor of 11 and i.
11
Let h(j) = 11*j**2 - 5*j - 4*j - 4*j**2 + j**3 + 6. Let s be h(-8). What is the highest common divisor of s and 154?
14
Suppose -2*h - 111 = -6*k + 3*k, -162 = 3*h - 3*k. Let l(c) = -5*c + 3. Let v be l(-2). Let q = v - h. Calculate the highest common factor of q and 8.
8
Suppose -5*w + 2*w - 23 = -4*t, -4*t - 5*w - 17 = 0. Let g = 34 + t. Let d(p) = p + 17. Let h be d(-5). What is the greatest common divisor of h and g?
12
Suppose -52*v = -57*v + 170. Calculate the highest common factor of v and 17.
17
Suppose -109 = -4*r + 59. Suppose 0 = 3*g - c - 15, 3*g - 3*c + 7*c = 30. Calculate the highest common divisor of g and r.
6
Let b be 2*19 + 2 + -5. Suppose -2*u + 4*v + 40 = 0, -3*u + 76 = 2*u - 2*v. What is the greatest common factor of b and u?
7
Suppose -k + 18 = 4. Let n(z) = -z**2 - 10*z - 5. Let m be n(-4). Suppose 0*v + m = v - w, 3*v - 5*w = 53. Calculate the greatest common divisor of k and v.
7
Let i be 77 - (-2 - -4 - 3). Suppose -i = -f - f. What is the greatest common factor of f and 26?
13
Let z = 11 - 8. Suppose 3*b = -2*d + 21, 2*d + z*d = 5*b - 60. Suppose i = 2 + b. Calculate the highest common factor of 121 and i.
11
Suppose -2*b - a + 4*a + 53 = 0, -4*b = -2*a - 110. What is the greatest common divisor of 7 and b?
7
Let c(a) = a + 10. Let h be c(-8). Let w be 3*(-2 + h + 1). Calculate the highest common factor of w and 6.
3
Let h(u) = 41*u**3 - 3*u**2 - 2*u + 2. Let l be h(1). What is the highest common factor of 342 and l?
38
Let g = 64 + -52. What is the highest common divisor of 3 and g?
3